u(3). Let y(g) = 2864*g**2 - g - 8*g - 6 - 7 + 14 - 2865*g**2. Give y(l).
1
Let q(u) = -15*u**2 + 11*u + 2. Let v(d) = 94*d**2 - 66*d - 11. Let c(x) = 25*q(x) + 4*v(x). Suppose 2*t + 44 = -4*g, -t = t. Calculate c(g).
6
Let h(y) = 146 + y - 34 - 34 - 39 - 44. What is h(-9)?
-14
Let t(l) = 5*l + 46. Let u(a) = -a**3 - 29*a**2 + 208*a - 77. Let b be u(-35). What is t(b)?
11
Suppose 4*y + 1 - 5 = 0. Suppose 3*x - y = -4*v, 2*x - 14 = -2*v + 6*v. Let k(n) = -x*n**2 + 2*n**2 + 4 + 0*n**2. Determine k(-3).
-5
Let b(n) be the second derivative of 7*n**3/6 + 85*n**2 + 4*n - 4. Give b(-27).
-19
Let t(w) be the second derivative of -w**3/3 + 23*w**2/2 - 6*w + 1. Calculate t(-7).
37
Let y(v) = 12*v - 116. Let c be 10 + (51/(-21) - -3) + (-76)/133. What is y(c)?
4
Let x be 5 - (513/2)/(-9)*-14. Let l = x + 397. Let f(i) = i**3 - 4*i**2 - 2*i + 2. What is f(l)?
-13
Suppose -4*m = -14*m + 260. Let n be ((m/6)/(-13))/(2/24). Let a(r) = 6 - 2 + 2 + r**2 + 4*r. What is a(n)?
6
Let o be -11 + 1083/95 - (-2)/(-5). Let q(i) = -i**3 + i**2 + 2*i - 18. Calculate q(o).
-18
Let l be ((-4)/(-1))/(-21 - -22). Let x(r) = 2 + 8 + 0*r + r - l. Let m = -9 + 4. Determine x(m).
1
Let f = 596 + -590. Let w(x) = -20*x + 103. What is w(f)?
-17
Let n(u) = 20 - 10 + 3 - 18 + 16*u - 2. Determine n(3).
41
Let m(g) be the third derivative of -g**6/60 + g**5/20 + g**4/24 - g**3/6 - 47*g**2 + 3. Suppose -4*k = 36*v - 41*v - 2, -3*k - v = -11. What is m(k)?
-25
Let s be (11/(-22))/(3/(-3834)). Let x(a) = -1 + s*a - 321*a - a**2 - 311*a. Let q = 16 - 10. What is x(q)?
5
Let p(s) = 2*s**3 + 16*s**2 - 402*s - 3221. Let r be p(-8). Let g(h) = -3*h**2 - 16*h + 5. Determine g(r).
10
Let x(a) = 4*a + 8. Suppose 5*m = -3*f - 25, -6*m + 4*m - 10 = -5*f. Let n be -2*(-1 + (3 - f)). Let j(w) = -3*w - 18. Let i be j(n). What is x(i)?
-16
Let s(k) be the second derivative of -k**6/120 - k**4/24 - 5*k**3/3 + 41*k**2 + 8*k - 1. Let q(u) be the first derivative of s(u). Determine q(0).
-10
Let r(q) be the third derivative of -77*q**4/24 - q**3/2 - q**2 - 128*q. Give r(1).
-80
Let t(o) = o**2 - 16*o + 10. Let z(i) = -i - 47. Let w be z(-41). Let a(v) = -v**3 - 3*v**2 + 18*v + 15. Let f be a(w). Calculate t(f).
-5
Let d(f) = 6*f - 13 - 5 - 47 + 117. What is d(-8)?
4
Let q(b) = -6*b**2 - 1517*b + 253. Let t be q(-253). Let r(f) = 3*f**2 - 2*f**2 + 15 + 4*f**3 - 3*f**3. Give r(t).
15
Suppose -3*q - 5*g + 6 = 0, -2*q + 5*g = g - 4. Let l(d) = -q*d + 129 + 0*d + 2*d**2 + d - 3*d - 127. Determine l(3).
8
Suppose w + 7024 - 7021 = 0. Let d(r) = r**3 + 4*r**2 + 6*r + 2. What is d(w)?
-7
Let j(b) = -b**2 + 9*b - 2. Let l(r) = r**2 + 2*r + 2. Let u = 27 - 24. Let n be l(u). Let z = -8 + n. Determine j(z).
-2
Let c = 57 + -62. Let h(g) be the second derivative of g**4/12 + 2*g**3/3 + 3*g**2/2 + 91*g - 2. Give h(c).
8
Let u(v) be the first derivative of 5*v**2/2 + 3*v + 3. Let k be (-69)/(12903/(-68)) - 48/11. Give u(k).
-17
Let b(m) be the first derivative of -m**4/4 + 8*m**3/3 - 17*m**2/2 - 7*m + 3138. Determine b(4).
-11
Let d(r) be the second derivative of -3/10*r**5 - 21*r - 1/12*r**4 - 1 - 1/2*r**2 - 1/3*r**3. Determine d(-1).
6
Let b(s) = 4*s + 3. Let x(t) = -7*t - 7. Let h(d) = -5*b(d) - 3*x(d). Let q = -15 + 15. Suppose 3*l + 2*l - 35 = q. Calculate h(l).
13
Let x(k) be the third derivative of -k**6/180 - 7*k**5/120 + 7*k**4/3 - 7*k**2. Let p(o) be the second derivative of x(o). Calculate p(-8).
25
Let r be (-1 + 8 + -8 + 1)*1*-1. Let a(v) = -v**3 + v**2 - v + 41. Give a(r).
41
Let u(q) = -275*q**2 + 18*q - 10. Let k(s) = 103*s**2 - 6*s + 3. Let i(o) = 8*k(o) + 3*u(o). What is i(7)?
-13
Let p(t) = 62 + 2*t - 107 + 53 - 2*t**2 - t. Calculate p(4).
-20
Let z(n) = -288*n - 3129. Let b be z(-11). Let w(x) = x**3 - 40*x**2 + 39*x. What is w(b)?
0
Let b(d) be the first derivative of d**3/3 + 15*d**2/2 - 11*d - 5827. Determine b(-14).
-25
Suppose -2*p - 3*p + 495 = 0. Suppose -42*v + 1860 = -62*v. Let u = p + v. Let j(i) = i**2 - 4*i - 2. Give j(u).
10
Let o(u) = -8 + 5 + 2*u + 0*u. Suppose 3*g - 22 = -n + 2*n, 2*n = -5*g + 44. Suppose -4*l = g, -4*l = -5*h + l + 35. Determine o(h).
7
Let n(v) be the third derivative of 1/8*v**4 + 0*v + 7/6*v**3 - 22*v**2 + 0. Let s(z) = z**3 + 3*z**2 + 3*z + 4. Let u be s(-3). Calculate n(u).
-8
Suppose 3*f + 2 = -2*t, 0*f - 3 = 2*f + 3*t. Suppose f = -v + v + 2*v. Suppose v*b = 4*b + 20. Let a(s) = -s**3 - 4*s**2 + 3*s - 3. Calculate a(b).
7
Let z(v) = -4*v**3 + 127*v**2 + 39*v - 70. Let d(f) = 2*f**3 - 65*f**2 - 19*f + 36. Let r(s) = -11*d(s) - 6*z(s). Determine r(24).
0
Suppose 0 = 3*q - 3*u - 6, 5*q - 4*u = -u + 16. Let x(l) = 16*l - 3 + 17*l + l**3 - 31*l - 5*l**2. Give x(q).
7
Let v(i) be the first derivative of i**5/120 + 3*i**4/8 - 4*i**3/3 - 6. Let h(k) be the third derivative of v(k). Let c = 513 + -517. Determine h(c).
5
Let m(q) be the second derivative of -q**4/12 + q**3/6 - q**2/2 + 238*q. Suppose -h = h - 8. Suppose 0 = -4*u - 5*k - 22, -k - h = k. What is m(u)?
-13
Let h(d) = d + 2. Let a be 75/(-45)*12/(-1). Let b be h(a). Let r = -25 + b. Let g(f) = -f**2 - 5*f - 1. Give g(r).
5
Let u(w) = w**2 + 13*w - 257. Let o be u(11). Let a(f) = -f**3 + 3*f - 5*f**2 - 4 - 1 + o - 1. Calculate a(-5).
-14
Let c(j) = 3*j + 6. Let p(i) = i + 3. Let m(h) = c(h) - 4*p(h). Determine m(6).
-12
Let q be 5/(-25) - 9/(-30)*4. Let s(d) = -15*d - 7. Let k(n) = -21 - 10 - 13 + 14*n + 50. Let o(p) = -6*k(p) - 5*s(p). Determine o(q).
-10
Let l(h) be the first derivative of -h**3 + h**2 - 754. Let a be 1/3*(39/3 - 1). Determine l(a).
-40
Let x(l) = -l**2 - 215*l + 1340. Let k be x(6). Let c(w) = -3*w + 46. Give c(k).
4
Let u(g) be the second derivative of 5/12*g**4 + 1/3*g**3 + 1/20*g**5 - 3/2*g**2 + 3*g + 5. Let f = 2 + -5. Calculate u(f).
9
Let z(a) = -2*a**2 + 17 + 0*a**2 - 15*a - 2*a**2 + 5*a**2. Suppose -2*h - 4 = -32. What is z(h)?
3
Let k(f) = -25*f**3 + 3 - 10*f**2 + 26*f**3 + 1. Let w be k(10). Suppose 4*g - 8 = 4*l, w*l + 1 + 3 = 0. Let i(m) = 2*m**3 - 2*m + 1. Give i(g).
1
Let d(h) = 12*h - 1. Let b be (-1)/((36/(-66))/6). Suppose 5*o - 3*w + b = w, -4*w = -2*o - 14. Calculate d(o).
11
Let m = -5918 - -5919. Let r(v) = 19*v**2 - 5*v + 5. Let x(i) = -20*i**2 + 4*i - 4. Let h(t) = -5*r(t) - 6*x(t). What is h(m)?
25
Let r(s) = -3*s + 14*s + 33 + 32 - 2 + 59. Determine r(-11).
1
Let g(u) be the first derivative of 3*u**2 - 27*u + 1162. Give g(5).
3
Let y be (-896)/(-1568)*(-98)/(-16). Let c(n) be the second derivative of 1/20*n**5 + 0 - n + 1/6*n**3 + 5/12*n**4 - y*n**2. What is c(-5)?
-12
Let v(k) = -11*k**2 - 1. Let n be v(-1). Suppose 13 - 5 = 32*l + 72. Let p be l/n + 19/(-6). Let w(m) = -m**3 - 3*m**2 - 3. What is w(p)?
-3
Let x(c) be the second derivative of -3*c**3/2 + c**2/2 + 5039*c. Suppose -h - 2 = -0. Determine x(h).
19
Let l(a) = -a**2 + a - 19. Suppose -2*t + 0 = -8. Suppose -4*v + 3*b = -15, -v = 2*b + 6 + 4. Suppose t*j + j = v. What is l(j)?
-19
Suppose 5*f = 0, 20*l + f - 134 = 19*l. Let g = l + -135. Let x(h) = 23*h**2 + h. What is x(g)?
22
Suppose 2*y - 5*v = 130, v = -y + 42 + 16. Let h(k) = k**3 - 10*k**2 - y*k - 8 + 3*k**2 + 115*k - 45*k. Let m be 22/4 - (-3)/6. Give h(m).
16
Let d(p) = -p - p - 5 + 2*p + 2*p. Suppose 16*u = 15*u - 3. Let a be (27/(-15) - u)/(21/70). What is d(a)?
3
Let i(c) be the third derivative of -c**4/24 + 23*c**3/6 - 2350*c**2. Give i(11).
12
Suppose 3*l = 1 + 11. Let x(d) = d - l + d**3 + 5 - 1. Suppose 378*p - 123*p + 212 = -298. Give x(p).
-10
Let s(m) = 7*m**3 - 22*m**2 + 50*m + 11. Let l(v) = -13*v**3 + 44*v**2 - 101*v - 23. Let o(x) = -6*l(x) - 11*s(x). Calculate o(19).
-2
Let s(o) be the third derivative of 0*o - 1/60*o**5 - 191*o**2 - 1/24*o**4 + 0 - 1/6*o**3. What is s(-2)?
-3
Let w(n) be the first derivative of 2*n**3/3 + 7*n**2/2 + 6*n - 883. Let x be 1/2*(-1 + 1*-5). Calculate w(x).
3
Let a(f) be the first derivative of -65 + 3/2*f**2 + 2*f. What is a(-1)?
-1
Suppose 4*s - 5 = 3*i, 4*i - 9*i = 3*s - 40. Let o(u) = 2*u**2 - 7*u - 3. Let d(m) = 3*m**2 - 11*m - 4. Let f(a) = 5*d(a) - 7*o(a). Determine f(i).
-4
Let r(f) = -f + 1. Suppose 2 = t + 3. Let m be -4 + (t - 5/(-1)). Suppose m = -3*v - 4*c + 9, -v + 2*v - 3 = -c. What is r(v)?
-2
Suppose r = -3, -20 = -5*j + 5*r - 10*r. Let t(g) = -33*g + 140. Let u be t(4). Let 